{"id":6451,"date":"2025-09-16T11:30:01","date_gmt":"2025-09-16T09:30:01","guid":{"rendered":"https:\/\/www.dinardfestivaldufilm.fr\/?page_id=6451"},"modified":"2025-10-09T12:24:39","modified_gmt":"2025-10-09T10:24:39","slug":"seances-a-la-mediatheque-lourse","status":"publish","type":"page","link":"https:\/\/www.dinardfestivaldufilm.fr\/en\/seances-a-la-mediatheque-lourse\/","title":{"rendered":"(Fran\u00e7ais) S\u00e9ances \u00e0 la m\u00e9diath\u00e8que l&#8217;Ourse"},"content":{"rendered":"<p class=\"qtranxs-available-languages-message qtranxs-available-languages-message-en\">Sorry, this entry is only available in <a href=\"https:\/\/www.dinardfestivaldufilm.fr\/fr\/wp-json\/wp\/v2\/pages\/6451\" class=\"qtranxs-available-language-link qtranxs-available-language-link-fr\" title=\"Fran\u00e7ais\">Fran\u00e7ais<\/a>.<\/p>","protected":false},"excerpt":{"rendered":"<p>Sorry, this entry is only available in Fran\u00e7ais.<\/p>\n","protected":false},"author":9,"featured_media":0,"parent":0,"menu_order":0,"comment_status":"closed","ping_status":"closed","template":"","meta":{"page_wide_toggle":"","page_dark_toggle":"","_coblocks_attr":"","_coblocks_dimensions":"","_coblocks_responsive_height":"","_coblocks_accordion_ie_support":"","_waff_bg_color_metafield":"","hide_page_title":"","footnotes":""},"class_list":["post-6451","page","type-page","status-publish","hentry"],"_links":{"self":[{"href":"https:\/\/www.dinardfestivaldufilm.fr\/en\/wp-json\/wp\/v2\/pages\/6451","targetHints":{"allow":["GET"]}}],"collection":[{"href":"https:\/\/www.dinardfestivaldufilm.fr\/en\/wp-json\/wp\/v2\/pages"}],"about":[{"href":"https:\/\/www.dinardfestivaldufilm.fr\/en\/wp-json\/wp\/v2\/types\/page"}],"author":[{"embeddable":true,"href":"https:\/\/www.dinardfestivaldufilm.fr\/en\/wp-json\/wp\/v2\/users\/9"}],"replies":[{"embeddable":true,"href":"https:\/\/www.dinardfestivaldufilm.fr\/en\/wp-json\/wp\/v2\/comments?post=6451"}],"version-history":[{"count":3,"href":"https:\/\/www.dinardfestivaldufilm.fr\/en\/wp-json\/wp\/v2\/pages\/6451\/revisions"}],"predecessor-version":[{"id":6733,"href":"https:\/\/www.dinardfestivaldufilm.fr\/en\/wp-json\/wp\/v2\/pages\/6451\/revisions\/6733"}],"wp:attachment":[{"href":"https:\/\/www.dinardfestivaldufilm.fr\/en\/wp-json\/wp\/v2\/media?parent=6451"}],"curies":[{"name":"wp","href":"https:\/\/api.w.org\/{rel}","templated":true}]}}

(Français) Séances à la médiathèque l&#8217;Ourse

<p class="qtranxs-available-languages-message qtranxs-available-languages-message-en">Sorry, this entry is only available in <a href="https://www.dinardfestivaldufilm.fr/fr/wp-json/wp/v2/pages/6451" class="qtranxs-available-language-link qtranxs-available-language-link-fr" title="Français">Français</a>.</p>

<p>Sorry, this entry is only available in Français.</p>
