{"id":6357,"date":"2025-09-04T17:55:09","date_gmt":"2025-09-04T15:55:09","guid":{"rendered":"https:\/\/www.dinardfestivaldufilm.fr\/?page_id=6357"},"modified":"2025-10-09T16:12:46","modified_gmt":"2025-10-09T14:12:46","slug":"english-take-two","status":"publish","type":"page","link":"https:\/\/www.dinardfestivaldufilm.fr\/en\/english-take-two\/","title":{"rendered":"Take Two!"},"content":{"rendered":"<p style=\"font-size:20px\">For its 36th edition, the Dinard British &amp; Irish Film Festival offered a re-screening of a selection of must-see films! This \u2018Take Two\u2019 selection allowed the public to (re)discover powerful films before the festival week, in cinemas in Pleurtuit, Dinard and Saint-Lunaire.<\/p>\n\n\n\n<p><\/p>\n\n\n\n<p style=\"font-size:30px\"><strong>Programme :<\/strong><\/p>\n\n\n\n<p><\/p>\n\n\n\n<div class=\"wp-block-cover\"><img loading=\"lazy\" decoding=\"async\" width=\"1024\" height=\"683\" class=\"wp-block-cover__image-background wp-image-6128\" alt=\"\" src=\"https:\/\/www.dinardfestivaldufilm.fr\/wp-content\/uploads\/2025\/08\/bm_00295r-1024x683.jpg\" data-object-fit=\"cover\" srcset=\"https:\/\/www.dinardfestivaldufilm.fr\/wp-content\/uploads\/2025\/08\/bm_00295r-1024x683.jpg 1024w, https:\/\/www.dinardfestivaldufilm.fr\/wp-content\/uploads\/2025\/08\/bm_00295r-300x200.jpg 300w, https:\/\/www.dinardfestivaldufilm.fr\/wp-content\/uploads\/2025\/08\/bm_00295r-768x512.jpg 768w, https:\/\/www.dinardfestivaldufilm.fr\/wp-content\/uploads\/2025\/08\/bm_00295r-150x100.jpg 150w\" sizes=\"auto, (max-width: 1024px) 100vw, 1024px\" \/><span aria-hidden=\"true\" class=\"wp-block-cover__background has-background-dim\"><\/span><div class=\"wp-block-cover__inner-container is-layout-flow wp-block-cover-is-layout-flow\">\n<p class=\"has-text-align-center has-large-font-size\">BETTER MAN<\/p>\n<\/div><\/div>\n\n\n\n<p class=\"has-text-align-center\" style=\"font-size:30px\">&#8220;Better Man&#8221;, by Michael Gracey.<\/p>\n\n\n\n<p><\/p>\n\n\n\n<p class=\"has-text-align-center\" style=\"font-size:30px\">Screening on Tuesday 30 September at 8.15 pm at Emeraude Cin\u00e9mas Dinard.<\/p>\n\n\n\n<p><\/p>\n\n\n\n<p class=\"has-text-align-center\" style=\"font-size:20px\">Running time: 2 hours 14 minutes<\/p>\n\n\n\n<p><\/p>\n\n\n\n<div class=\"wp-block-cover\"><img loading=\"lazy\" decoding=\"async\" width=\"1024\" height=\"683\" class=\"wp-block-cover__image-background wp-image-6106\" alt=\"\" src=\"https:\/\/www.dinardfestivaldufilm.fr\/wp-content\/uploads\/2025\/08\/principale-1024x683.jpg\" data-object-fit=\"cover\" srcset=\"https:\/\/www.dinardfestivaldufilm.fr\/wp-content\/uploads\/2025\/08\/principale-1024x683.jpg 1024w, https:\/\/www.dinardfestivaldufilm.fr\/wp-content\/uploads\/2025\/08\/principale-300x200.jpg 300w, https:\/\/www.dinardfestivaldufilm.fr\/wp-content\/uploads\/2025\/08\/principale-768x512.jpg 768w, https:\/\/www.dinardfestivaldufilm.fr\/wp-content\/uploads\/2025\/08\/principale-150x100.jpg 150w, https:\/\/www.dinardfestivaldufilm.fr\/wp-content\/uploads\/2025\/08\/principale.jpg 1200w\" sizes=\"auto, (max-width: 1024px) 100vw, 1024px\" \/><span aria-hidden=\"true\" class=\"wp-block-cover__background has-background-dim\"><\/span><div class=\"wp-block-cover__inner-container is-layout-flow wp-block-cover-is-layout-flow\">\n<p class=\"has-text-align-center has-large-font-size\">DOWNTON ABBEY : THE GRAND FINALE<\/p>\n<\/div><\/div>\n\n\n\n<p class=\"has-text-align-center\" style=\"font-size:30px\">&#8220;DOWNTON ABBEY : THE GRAND FINALE&#8221;, by Simon Curtis.<\/p>\n\n\n\n<p><\/p>\n\n\n\n<p class=\"has-text-align-center\" style=\"font-size:30px\">Screening on Friday 26 September at 8.30 pm at Cin\u00e9 Armor Pleurtuit, and on Sunday 28 September at 6 pm at Le Familial Saint-Lunaire.<\/p>\n\n\n\n<p><\/p>\n\n\n\n<p class=\"has-text-align-center\" style=\"font-size:20px\">Running time: 2 hours 03 minutes<\/p>\n\n\n\n<p><\/p>\n\n\n\n<div class=\"wp-block-cover\"><img loading=\"lazy\" decoding=\"async\" width=\"1024\" height=\"512\" class=\"wp-block-cover__image-background wp-image-6352\" alt=\"\" src=\"https:\/\/www.dinardfestivaldufilm.fr\/wp-content\/uploads\/2025\/09\/four-mothers-2c-dexter-films-dac-7-scaled-1-1024x512.jpg\" data-object-fit=\"cover\" srcset=\"https:\/\/www.dinardfestivaldufilm.fr\/wp-content\/uploads\/2025\/09\/four-mothers-2c-dexter-films-dac-7-scaled-1-1024x512.jpg 1024w, https:\/\/www.dinardfestivaldufilm.fr\/wp-content\/uploads\/2025\/09\/four-mothers-2c-dexter-films-dac-7-scaled-1-300x150.jpg 300w, https:\/\/www.dinardfestivaldufilm.fr\/wp-content\/uploads\/2025\/09\/four-mothers-2c-dexter-films-dac-7-scaled-1-768x384.jpg 768w, https:\/\/www.dinardfestivaldufilm.fr\/wp-content\/uploads\/2025\/09\/four-mothers-2c-dexter-films-dac-7-scaled-1-1900x950.jpg 1900w\" sizes=\"auto, (max-width: 1024px) 100vw, 1024px\" \/><span aria-hidden=\"true\" class=\"wp-block-cover__background has-background-dim\"><\/span><div class=\"wp-block-cover__inner-container is-layout-flow wp-block-cover-is-layout-flow\">\n<p class=\"has-text-align-center has-large-font-size\">FOUR MOTHERS<\/p>\n<\/div><\/div>\n\n\n\n<p class=\"has-text-align-center\" style=\"font-size:30px\">\u2018FOUR MOTHERS\u2019 by Darren Thornton.<\/p>\n\n\n\n<p><\/p>\n\n\n\n<p class=\"has-text-align-center\" style=\"font-size:30px\">Screening on Wednesday 24 September at 8.30pm at Cin\u00e9 Armor in Pleurtuit, and on Sunday 28 September at 5.30pm at Emeraude Cin\u00e9mas Dinard.<\/p>\n\n\n\n<p><\/p>\n\n\n\n<p class=\"has-text-align-center\" style=\"font-size:20px\">Running time: 1 hour 49 minutes<\/p>\n\n\n\n<p><\/p>\n\n\n\n<div class=\"wp-block-cover\"><img loading=\"lazy\" decoding=\"async\" width=\"1024\" height=\"429\" class=\"wp-block-cover__image-background wp-image-6354\" alt=\"\" src=\"https:\/\/www.dinardfestivaldufilm.fr\/wp-content\/uploads\/2025\/09\/photo-5-untitled-23-channel-four-television-corporation-mediapro-cine-s-l-u-1600x670-1-1024x429.jpg\" data-object-fit=\"cover\" srcset=\"https:\/\/www.dinardfestivaldufilm.fr\/wp-content\/uploads\/2025\/09\/photo-5-untitled-23-channel-four-television-corporation-mediapro-cine-s-l-u-1600x670-1-1024x429.jpg 1024w, https:\/\/www.dinardfestivaldufilm.fr\/wp-content\/uploads\/2025\/09\/photo-5-untitled-23-channel-four-television-corporation-mediapro-cine-s-l-u-1600x670-1-300x126.jpg 300w, https:\/\/www.dinardfestivaldufilm.fr\/wp-content\/uploads\/2025\/09\/photo-5-untitled-23-channel-four-television-corporation-mediapro-cine-s-l-u-1600x670-1-768x322.jpg 768w, https:\/\/www.dinardfestivaldufilm.fr\/wp-content\/uploads\/2025\/09\/photo-5-untitled-23-channel-four-television-corporation-mediapro-cine-s-l-u-1600x670-1.jpg 1600w\" sizes=\"auto, (max-width: 1024px) 100vw, 1024px\" \/><span aria-hidden=\"true\" class=\"wp-block-cover__background has-background-dim\"><\/span><div class=\"wp-block-cover__inner-container is-layout-flow wp-block-cover-is-layout-flow\">\n<p class=\"has-text-align-center has-large-font-size\">HARD TRUTHS<\/p>\n<\/div><\/div>\n\n\n\n<p class=\"has-text-align-center\" style=\"font-size:30px\">\u2018HARD TRUTHS\u2019 by Mike Leigh.<\/p>\n\n\n\n<p><\/p>\n\n\n\n<p class=\"has-text-align-center\" style=\"font-size:30px\">Screening on Friday 26 September at 8.15 pm at Emeraude Cin\u00e9mas Dinard.<\/p>\n\n\n\n<p><\/p>\n\n\n\n<p class=\"has-text-align-center\" style=\"font-size:20px\">Running time: 1 hour 37 minutes<\/p>\n\n\n\n<p><\/p>\n\n\n\n<div class=\"wp-block-cover\"><img loading=\"lazy\" decoding=\"async\" width=\"1024\" height=\"683\" class=\"wp-block-cover__image-background wp-image-6118\" alt=\"\" src=\"https:\/\/www.dinardfestivaldufilm.fr\/wp-content\/uploads\/2025\/08\/1-1024x683.jpg\" data-object-fit=\"cover\" srcset=\"https:\/\/www.dinardfestivaldufilm.fr\/wp-content\/uploads\/2025\/08\/1-1024x683.jpg 1024w, https:\/\/www.dinardfestivaldufilm.fr\/wp-content\/uploads\/2025\/08\/1-300x200.jpg 300w, https:\/\/www.dinardfestivaldufilm.fr\/wp-content\/uploads\/2025\/08\/1-768x512.jpg 768w, https:\/\/www.dinardfestivaldufilm.fr\/wp-content\/uploads\/2025\/08\/1-150x100.jpg 150w, https:\/\/www.dinardfestivaldufilm.fr\/wp-content\/uploads\/2025\/08\/1.jpg 1600w\" sizes=\"auto, (max-width: 1024px) 100vw, 1024px\" \/><span aria-hidden=\"true\" class=\"wp-block-cover__background has-background-dim\"><\/span><div class=\"wp-block-cover__inner-container is-layout-flow wp-block-cover-is-layout-flow\">\n<p class=\"has-text-align-center has-large-font-size\">WE LIVE IN TIME<\/p>\n<\/div><\/div>\n\n\n\n<p class=\"has-text-align-center\" style=\"font-size:30px\">&#8220;WE LIVE IN TIME&#8221;, by John Crowley.<\/p>\n\n\n\n<p><\/p>\n\n\n\n<p class=\"has-text-align-center\" style=\"font-size:30px\">Screening on Friday 26 September at 8.30pm at Le Familial cinema in Saint-Lunaire.<\/p>\n\n\n\n<p><\/p>\n\n\n\n<p class=\"has-text-align-center\" style=\"font-size:20px\">Running time: 1 hour 48 minutes<\/p>\n\n\n\n<p><\/p>\n\n\n\n<div class=\"wp-block-cover\"><img loading=\"lazy\" decoding=\"async\" width=\"1024\" height=\"624\" class=\"wp-block-cover__image-background wp-image-6353\" alt=\"\" src=\"https:\/\/www.dinardfestivaldufilm.fr\/wp-content\/uploads\/2025\/09\/har1-1-1024x624.png\" data-object-fit=\"cover\" srcset=\"https:\/\/www.dinardfestivaldufilm.fr\/wp-content\/uploads\/2025\/09\/har1-1-1024x624.png 1024w, https:\/\/www.dinardfestivaldufilm.fr\/wp-content\/uploads\/2025\/09\/har1-1-300x183.png 300w, https:\/\/www.dinardfestivaldufilm.fr\/wp-content\/uploads\/2025\/09\/har1-1-768x468.png 768w, https:\/\/www.dinardfestivaldufilm.fr\/wp-content\/uploads\/2025\/09\/har1-1.png 1771w\" sizes=\"auto, (max-width: 1024px) 100vw, 1024px\" \/><span aria-hidden=\"true\" class=\"wp-block-cover__background has-background-dim\"><\/span><div class=\"wp-block-cover__inner-container is-layout-flow wp-block-cover-is-layout-flow\">\n<p class=\"has-text-align-center has-large-font-size\">HARVEST<\/p>\n<\/div><\/div>\n\n\n\n<p class=\"has-text-align-center\" style=\"font-size:30px\">\u2018HARVEST\u2019, by Athin\u00e1-Rach\u00e8l Tsang\u00e1ri.<\/p>\n\n\n\n<p><\/p>\n\n\n\n<p class=\"has-text-align-center\" style=\"font-size:30px\">Screening on Thursday 25 September at 8.30pm at the Cin\u00e9 Armor in Pleurtuit.<\/p>\n\n\n\n<p><\/p>\n\n\n\n<p class=\"has-text-align-center\" style=\"font-size:20px\">Running time: 2 hours 11 minutes<\/p>","protected":false},"excerpt":{"rendered":"<p>For its 36th edition, the Dinard British &amp; Irish Film Festival offered a re-screening of a selection of must-see films! This \u2018Take Two\u2019 selection allowed the public to (re)discover powerful films before the festival week, in cinemas in Pleurtuit, Dinard and Saint-Lunaire. Programme : &#8220;Better Man&#8221;, by Michael Gracey. Screening on Tuesday 30 September at [&hellip;]<\/p>\n","protected":false},"author":9,"featured_media":0,"parent":0,"menu_order":0,"comment_status":"closed","ping_status":"closed","template":"","meta":{"page_wide_toggle":"","page_dark_toggle":"","_coblocks_attr":"","_coblocks_dimensions":"","_coblocks_responsive_height":"","_coblocks_accordion_ie_support":"","_waff_bg_color_metafield":"","hide_page_title":"","footnotes":""},"class_list":["post-6357","page","type-page","status-publish","hentry"],"_links":{"self":[{"href":"https:\/\/www.dinardfestivaldufilm.fr\/en\/wp-json\/wp\/v2\/pages\/6357","targetHints":{"allow":["GET"]}}],"collection":[{"href":"https:\/\/www.dinardfestivaldufilm.fr\/en\/wp-json\/wp\/v2\/pages"}],"about":[{"href":"https:\/\/www.dinardfestivaldufilm.fr\/en\/wp-json\/wp\/v2\/types\/page"}],"author":[{"embeddable":true,"href":"https:\/\/www.dinardfestivaldufilm.fr\/en\/wp-json\/wp\/v2\/users\/9"}],"replies":[{"embeddable":true,"href":"https:\/\/www.dinardfestivaldufilm.fr\/en\/wp-json\/wp\/v2\/comments?post=6357"}],"version-history":[{"count":2,"href":"https:\/\/www.dinardfestivaldufilm.fr\/en\/wp-json\/wp\/v2\/pages\/6357\/revisions"}],"predecessor-version":[{"id":6757,"href":"https:\/\/www.dinardfestivaldufilm.fr\/en\/wp-json\/wp\/v2\/pages\/6357\/revisions\/6757"}],"wp:attachment":[{"href":"https:\/\/www.dinardfestivaldufilm.fr\/en\/wp-json\/wp\/v2\/media?parent=6357"}],"curies":[{"name":"wp","href":"https:\/\/api.w.org\/{rel}","templated":true}]}}

<p style="font-size:20px">For its 36th edition, the Dinard British &amp; Irish Film Festival offered a re-screening of a selection of must-see films! This ‘Take Two’ selection allowed the public to (re)discover powerful films before the festival week, in cinemas in Pleurtuit, Dinard and Saint-Lunaire.</p>



<p></p>



<p style="font-size:30px"><strong>Programme :</strong></p>



<p></p>



<div class="wp-block-cover"><img loading="lazy" decoding="async" width="1024" height="683" class="wp-block-cover__image-background wp-image-6128" alt="" src="https://www.dinardfestivaldufilm.fr/wp-content/uploads/2025/08/bm_00295r-1024x683.jpg" data-object-fit="cover" srcset="https://www.dinardfestivaldufilm.fr/wp-content/uploads/2025/08/bm_00295r-1024x683.jpg 1024w, https://www.dinardfestivaldufilm.fr/wp-content/uploads/2025/08/bm_00295r-300x200.jpg 300w, https://www.dinardfestivaldufilm.fr/wp-content/uploads/2025/08/bm_00295r-768x512.jpg 768w, https://www.dinardfestivaldufilm.fr/wp-content/uploads/2025/08/bm_00295r-150x100.jpg 150w" sizes="auto, (max-width: 1024px) 100vw, 1024px" /><span aria-hidden="true" class="wp-block-cover__background has-background-dim"></span><div class="wp-block-cover__inner-container is-layout-flow wp-block-cover-is-layout-flow">
<p class="has-text-align-center has-large-font-size">BETTER MAN</p>
</div></div>



<p class="has-text-align-center" style="font-size:30px">&#8220;Better Man&#8221;, by Michael Gracey.</p>



<p></p>



<p class="has-text-align-center" style="font-size:30px">Screening on Tuesday 30 September at 8.15 pm at Emeraude Cinémas Dinard.</p>



<p></p>



<p class="has-text-align-center" style="font-size:20px">Running time: 2 hours 14 minutes</p>



<p></p>



<div class="wp-block-cover"><img loading="lazy" decoding="async" width="1024" height="683" class="wp-block-cover__image-background wp-image-6106" alt="" src="https://www.dinardfestivaldufilm.fr/wp-content/uploads/2025/08/principale-1024x683.jpg" data-object-fit="cover" srcset="https://www.dinardfestivaldufilm.fr/wp-content/uploads/2025/08/principale-1024x683.jpg 1024w, https://www.dinardfestivaldufilm.fr/wp-content/uploads/2025/08/principale-300x200.jpg 300w, https://www.dinardfestivaldufilm.fr/wp-content/uploads/2025/08/principale-768x512.jpg 768w, https://www.dinardfestivaldufilm.fr/wp-content/uploads/2025/08/principale-150x100.jpg 150w, https://www.dinardfestivaldufilm.fr/wp-content/uploads/2025/08/principale.jpg 1200w" sizes="auto, (max-width: 1024px) 100vw, 1024px" /><span aria-hidden="true" class="wp-block-cover__background has-background-dim"></span><div class="wp-block-cover__inner-container is-layout-flow wp-block-cover-is-layout-flow">
<p class="has-text-align-center has-large-font-size">DOWNTON ABBEY : THE GRAND FINALE</p>
</div></div>



<p class="has-text-align-center" style="font-size:30px">&#8220;DOWNTON ABBEY : THE GRAND FINALE&#8221;, by Simon Curtis.</p>



<p></p>



<p class="has-text-align-center" style="font-size:30px">Screening on Friday 26 September at 8.30 pm at Ciné Armor Pleurtuit, and on Sunday 28 September at 6 pm at Le Familial Saint-Lunaire.</p>



<p></p>



<p class="has-text-align-center" style="font-size:20px">Running time: 2 hours 03 minutes</p>



<p></p>



<div class="wp-block-cover"><img loading="lazy" decoding="async" width="1024" height="512" class="wp-block-cover__image-background wp-image-6352" alt="" src="https://www.dinardfestivaldufilm.fr/wp-content/uploads/2025/09/four-mothers-2c-dexter-films-dac-7-scaled-1-1024x512.jpg" data-object-fit="cover" srcset="https://www.dinardfestivaldufilm.fr/wp-content/uploads/2025/09/four-mothers-2c-dexter-films-dac-7-scaled-1-1024x512.jpg 1024w, https://www.dinardfestivaldufilm.fr/wp-content/uploads/2025/09/four-mothers-2c-dexter-films-dac-7-scaled-1-300x150.jpg 300w, https://www.dinardfestivaldufilm.fr/wp-content/uploads/2025/09/four-mothers-2c-dexter-films-dac-7-scaled-1-768x384.jpg 768w, https://www.dinardfestivaldufilm.fr/wp-content/uploads/2025/09/four-mothers-2c-dexter-films-dac-7-scaled-1-1900x950.jpg 1900w" sizes="auto, (max-width: 1024px) 100vw, 1024px" /><span aria-hidden="true" class="wp-block-cover__background has-background-dim"></span><div class="wp-block-cover__inner-container is-layout-flow wp-block-cover-is-layout-flow">
<p class="has-text-align-center has-large-font-size">FOUR MOTHERS</p>
</div></div>



<p class="has-text-align-center" style="font-size:30px">‘FOUR MOTHERS’ by Darren Thornton.</p>



<p></p>



<p class="has-text-align-center" style="font-size:30px">Screening on Wednesday 24 September at 8.30pm at Ciné Armor in Pleurtuit, and on Sunday 28 September at 5.30pm at Emeraude Cinémas Dinard.</p>



<p></p>



<p class="has-text-align-center" style="font-size:20px">Running time: 1 hour 49 minutes</p>



<p></p>



<div class="wp-block-cover"><img loading="lazy" decoding="async" width="1024" height="429" class="wp-block-cover__image-background wp-image-6354" alt="" src="https://www.dinardfestivaldufilm.fr/wp-content/uploads/2025/09/photo-5-untitled-23-channel-four-television-corporation-mediapro-cine-s-l-u-1600x670-1-1024x429.jpg" data-object-fit="cover" srcset="https://www.dinardfestivaldufilm.fr/wp-content/uploads/2025/09/photo-5-untitled-23-channel-four-television-corporation-mediapro-cine-s-l-u-1600x670-1-1024x429.jpg 1024w, https://www.dinardfestivaldufilm.fr/wp-content/uploads/2025/09/photo-5-untitled-23-channel-four-television-corporation-mediapro-cine-s-l-u-1600x670-1-300x126.jpg 300w, https://www.dinardfestivaldufilm.fr/wp-content/uploads/2025/09/photo-5-untitled-23-channel-four-television-corporation-mediapro-cine-s-l-u-1600x670-1-768x322.jpg 768w, https://www.dinardfestivaldufilm.fr/wp-content/uploads/2025/09/photo-5-untitled-23-channel-four-television-corporation-mediapro-cine-s-l-u-1600x670-1.jpg 1600w" sizes="auto, (max-width: 1024px) 100vw, 1024px" /><span aria-hidden="true" class="wp-block-cover__background has-background-dim"></span><div class="wp-block-cover__inner-container is-layout-flow wp-block-cover-is-layout-flow">
<p class="has-text-align-center has-large-font-size">HARD TRUTHS</p>
</div></div>



<p class="has-text-align-center" style="font-size:30px">‘HARD TRUTHS’ by Mike Leigh.</p>



<p></p>



<p class="has-text-align-center" style="font-size:30px">Screening on Friday 26 September at 8.15 pm at Emeraude Cinémas Dinard.</p>



<p></p>



<p class="has-text-align-center" style="font-size:20px">Running time: 1 hour 37 minutes</p>



<p></p>



<div class="wp-block-cover"><img loading="lazy" decoding="async" width="1024" height="683" class="wp-block-cover__image-background wp-image-6118" alt="" src="https://www.dinardfestivaldufilm.fr/wp-content/uploads/2025/08/1-1024x683.jpg" data-object-fit="cover" srcset="https://www.dinardfestivaldufilm.fr/wp-content/uploads/2025/08/1-1024x683.jpg 1024w, https://www.dinardfestivaldufilm.fr/wp-content/uploads/2025/08/1-300x200.jpg 300w, https://www.dinardfestivaldufilm.fr/wp-content/uploads/2025/08/1-768x512.jpg 768w, https://www.dinardfestivaldufilm.fr/wp-content/uploads/2025/08/1-150x100.jpg 150w, https://www.dinardfestivaldufilm.fr/wp-content/uploads/2025/08/1.jpg 1600w" sizes="auto, (max-width: 1024px) 100vw, 1024px" /><span aria-hidden="true" class="wp-block-cover__background has-background-dim"></span><div class="wp-block-cover__inner-container is-layout-flow wp-block-cover-is-layout-flow">
<p class="has-text-align-center has-large-font-size">WE LIVE IN TIME</p>
</div></div>



<p class="has-text-align-center" style="font-size:30px">&#8220;WE LIVE IN TIME&#8221;, by John Crowley.</p>



<p></p>



<p class="has-text-align-center" style="font-size:30px">Screening on Friday 26 September at 8.30pm at Le Familial cinema in Saint-Lunaire.</p>



<p></p>



<p class="has-text-align-center" style="font-size:20px">Running time: 1 hour 48 minutes</p>



<p></p>



<div class="wp-block-cover"><img loading="lazy" decoding="async" width="1024" height="624" class="wp-block-cover__image-background wp-image-6353" alt="" src="https://www.dinardfestivaldufilm.fr/wp-content/uploads/2025/09/har1-1-1024x624.png" data-object-fit="cover" srcset="https://www.dinardfestivaldufilm.fr/wp-content/uploads/2025/09/har1-1-1024x624.png 1024w, https://www.dinardfestivaldufilm.fr/wp-content/uploads/2025/09/har1-1-300x183.png 300w, https://www.dinardfestivaldufilm.fr/wp-content/uploads/2025/09/har1-1-768x468.png 768w, https://www.dinardfestivaldufilm.fr/wp-content/uploads/2025/09/har1-1.png 1771w" sizes="auto, (max-width: 1024px) 100vw, 1024px" /><span aria-hidden="true" class="wp-block-cover__background has-background-dim"></span><div class="wp-block-cover__inner-container is-layout-flow wp-block-cover-is-layout-flow">
<p class="has-text-align-center has-large-font-size">HARVEST</p>
</div></div>



<p class="has-text-align-center" style="font-size:30px">‘HARVEST’, by Athiná-Rachèl Tsangári.</p>



<p></p>



<p class="has-text-align-center" style="font-size:30px">Screening on Thursday 25 September at 8.30pm at the Ciné Armor in Pleurtuit.</p>



<p></p>



<p class="has-text-align-center" style="font-size:20px">Running time: 2 hours 11 minutes</p>
