{"id":6343,"date":"2025-09-04T15:55:43","date_gmt":"2025-09-04T13:55:43","guid":{"rendered":"https:\/\/www.dinardfestivaldufilm.fr\/?page_id=6343"},"modified":"2025-10-09T12:08:47","modified_gmt":"2025-10-09T10:08:47","slug":"soiree-evenement-au-vauban","status":"publish","type":"page","link":"https:\/\/www.dinardfestivaldufilm.fr\/en\/soiree-evenement-au-vauban\/","title":{"rendered":"(Fran\u00e7ais) Soir\u00e9e \u00e9v\u00e9nement au Vauban"},"content":{"rendered":"<p class=\"qtranxs-available-languages-message qtranxs-available-languages-message-en\">Sorry, this entry is only available in <a href=\"https:\/\/www.dinardfestivaldufilm.fr\/fr\/wp-json\/wp\/v2\/pages\/6343\" class=\"qtranxs-available-language-link qtranxs-available-language-link-fr\" title=\"Fran\u00e7ais\">Fran\u00e7ais<\/a>.<\/p>","protected":false},"excerpt":{"rendered":"<p>Sorry, this entry is only available in Fran\u00e7ais.<\/p>\n","protected":false},"author":9,"featured_media":0,"parent":0,"menu_order":0,"comment_status":"closed","ping_status":"closed","template":"","meta":{"page_wide_toggle":"","page_dark_toggle":"","_coblocks_attr":"","_coblocks_dimensions":"","_coblocks_responsive_height":"","_coblocks_accordion_ie_support":"","_waff_bg_color_metafield":"","hide_page_title":"","footnotes":""},"class_list":["post-6343","page","type-page","status-publish","hentry"],"_links":{"self":[{"href":"https:\/\/www.dinardfestivaldufilm.fr\/en\/wp-json\/wp\/v2\/pages\/6343","targetHints":{"allow":["GET"]}}],"collection":[{"href":"https:\/\/www.dinardfestivaldufilm.fr\/en\/wp-json\/wp\/v2\/pages"}],"about":[{"href":"https:\/\/www.dinardfestivaldufilm.fr\/en\/wp-json\/wp\/v2\/types\/page"}],"author":[{"embeddable":true,"href":"https:\/\/www.dinardfestivaldufilm.fr\/en\/wp-json\/wp\/v2\/users\/9"}],"replies":[{"embeddable":true,"href":"https:\/\/www.dinardfestivaldufilm.fr\/en\/wp-json\/wp\/v2\/comments?post=6343"}],"version-history":[{"count":3,"href":"https:\/\/www.dinardfestivaldufilm.fr\/en\/wp-json\/wp\/v2\/pages\/6343\/revisions"}],"predecessor-version":[{"id":6728,"href":"https:\/\/www.dinardfestivaldufilm.fr\/en\/wp-json\/wp\/v2\/pages\/6343\/revisions\/6728"}],"wp:attachment":[{"href":"https:\/\/www.dinardfestivaldufilm.fr\/en\/wp-json\/wp\/v2\/media?parent=6343"}],"curies":[{"name":"wp","href":"https:\/\/api.w.org\/{rel}","templated":true}]}}

(Français) Soirée événement au Vauban

<p class="qtranxs-available-languages-message qtranxs-available-languages-message-en">Sorry, this entry is only available in <a href="https://www.dinardfestivaldufilm.fr/fr/wp-json/wp/v2/pages/6343" class="qtranxs-available-language-link qtranxs-available-language-link-fr" title="Français">Français</a>.</p>

<p>Sorry, this entry is only available in Français.</p>
